(-20))/((-1)/f) prime?
True
Let l(q) = -15*q + 1. Suppose 5*w - 8 = 22. Let o(r) = r**3 - 7*r**2 + 6*r - 6. Let h be o(w). Is l(h) prime?
False
Suppose 0 = 4*d + b - 62, 6*b - 4*b = 4*d - 56. Suppose 10 = s - d. Suppose 2*p - 183 = -s. Is p a prime number?
True
Suppose 16*m - 231 = 13*m. Is m prime?
False
Let r(q) = -q**2 + 4*q + 11. Let u be r(6). Is (4*13 - u)*1 a prime number?
True
Suppose 5*l - 107 = -j, 7*l + 301 = 3*j + 2*l. Suppose -102 = -3*k - 5*f, -f - j = -3*k - 2*f. Is k composite?
True
Let i = 201 - 118. Is i a prime number?
True
Is (-27695)/(-35) + 0 + (-4)/14 prime?
False
Suppose r + 0*r + 2*g - 13 = 0, -5*g + 34 = 3*r. Let b(t) = t**2 - 3*t - 4. Let o be b(r). Is (-36)/6*46/o composite?
True
Suppose 4*n - 639 = 1813. Is n a prime number?
True
Suppose 4*x - 2*i - 5 = 21, 4*i = 5*x - 34. Let w be ((-4)/3)/(10/(-15)). Suppose -d - l + 28 = -x*l, -l - 101 = -w*d. Is d prime?
True
Let w be (-3)/(-12) + (-7)/(-4). Suppose 3*y = 7*y. Suppose w*n - 4*n + 178 = y. Is n a prime number?
True
Let f(x) be the second derivative of x**3/6 - x**2 + 2*x. Let i be f(8). Let w = 27 - i. Is w a prime number?
False
Suppose 4*a - 4*u - u + 5 = 0, 3*a + 4*u = 4. Suppose -4*b + g - 16 = -3*g, a = g - 2. Is b*(170/(-4) - -1) a composite number?
False
Suppose -3*b - 3*q = -1356, 5*b - 3*q = 436 + 1864. Is b composite?
False
Suppose z + 2*z = -9. Let h(c) = 20*c**2 - c + 2. Is h(z) prime?
False
Is 62472/36 + (-2)/6 a composite number?
True
Suppose 9*v + 3 = 6*v. Let x(h) = 156*h**2 + 2*h + 1. Is x(v) a composite number?
True
Suppose 10*j - 5*j + 2805 = 0. Let a = j + 1010. Is a composite?
False
Let n = 157 + -108. Is n a composite number?
True
Let y(t) = -160*t**3 - 2*t**2 - 2*t - 1. Let c be y(-1). Let w = c - 97. Is w composite?
True
Let t(d) = -d**3 + 4*d**2 + 2*d + 6. Let g be (-24)/(-40) + (-22)/(-5). Let p be t(g). Is ((-382)/6)/(3/p) a prime number?
True
Suppose -2*t - 2*f = -8, -4*t = -0*f - f - 11. Let p = -1 + t. Suppose -s - p*s = -5*g + 260, g - 5*s = 30. Is g prime?
False
Suppose 3*n + 2*n - 25 = 0. Suppose -2*d + 4 = -d - 5*w, -d - n*w = -4. Suppose 2*i + 218 = d*i. Is i a prime number?
True
Let q(m) = 5*m**2 + m - 2. Let z be q(3). Suppose -z = 2*h - 492. Is h a composite number?
False
Let l be (-355)/(-7) + (-4)/(-14). Suppose 3*j - 3*x - 60 = 0, -5*j + 9 = 3*x - l. Let c = 46 - j. Is c prime?
True
Suppose 2*d + l - 197 = -2*l, 0 = -5*d + 2*l + 521. Let w = d + -50. Is w composite?
False
Is (-1)/(3 - 1010/335) a composite number?
False
Suppose -3 = 4*m - 0*m + 5*a, -4*a = -3*m + 21. Suppose 0 = 2*v + m*v - 110. Is v prime?
False
Suppose -2*k + 2*x - 158 = 0, 4*k + 0*x + 310 = x. Let q = 244 - 100. Let i = k + q. Is i prime?
True
Suppose 0 = -m + 3*m. Let z(t) = -t + 13. Is z(m) a composite number?
False
Let a = -82 - -227. Is a a prime number?
False
Is -22*(((-27)/6)/3 - 2) prime?
False
Is (-1)/(2/(-37))*2 composite?
False
Let s(c) = 38*c**2 + 9*c - 2. Let o(w) = -37*w**2 - 8*w + 1. Let i(v) = -5*o(v) - 4*s(v). Is i(-2) a prime number?
True
Let u(i) = 2*i - 2. Let m be u(3). Let l(g) = -g**3 - 4*g**2 + m*g**2 - 3 + 2*g. Is l(-4) composite?
False
Let g = -165 - -268. Is g a prime number?
True
Let f(q) = 9*q**2 - q - 19. Is f(-14) composite?
False
Is 658/4*(-3 + 5) a composite number?
True
Suppose 3*s - 1437 = 3*j + 1443, s + 5*j = 990. Is s prime?
False
Let j be (-1 + -38)*(-2)/6. Let h = 5 - j. Let z = 29 + h. Is z a prime number?
False
Is (-741)/(-3)*(-1)/(-1) composite?
True
Let a(z) = -656*z**2 + z - 1. Let y be a(1). Let g = y + 1650. Suppose -4*r + g = 254. Is r composite?
True
Let r = -14 - -26. Suppose 6*a = 2*a - r. Let d(y) = 33*y**2 - 4. Is d(a) composite?
False
Let m = 299 - -414. Is m a composite number?
True
Suppose 2523 = 4*t + m, 3*t + 537 - 2429 = -m. Is t prime?
True
Let l(f) = 2*f**2 + 2*f - 1. Let s = 1 + -3. Is l(s) a prime number?
True
Let i(z) = z**2 - z + 4. Let w be i(0). Suppose 4*l + 20 = 0, -20 = w*d + 4*l - 4. Is 3 + 2 + d + 109 a prime number?
False
Is (-46)/((-1)/((-68)/(-8))) composite?
True
Let q(d) = -d**2 + d. Let y(t) = -9*t**2 + 3*t + 1. Let o(j) = q(j) - y(j). Is o(-2) a prime number?
False
Is (-15)/(-5)*(-2395)/(-15) prime?
True
Suppose 3*g = 2*b - 365, -2*b - 4*g - g = -373. Suppose 3*h - b = -h - s, -4*h + 200 = -3*s. Is h a composite number?
False
Suppose 662 = 2*s + y, 331 = -0*s + s - 5*y. Is s prime?
True
Let n = 1570 - 1101. Is n prime?
False
Let d(r) = 318*r**3 + 2*r**2 + r - 2. Is d(1) a composite number?
True
Let s = 6 + -2. Suppose s*u = -4*w + 816, -4*u = -4*w + 178 - 986. Is u a composite number?
True
Let f be 1/(-5) + 6984/45. Let t be 2/(-7) + (-90)/(-21). Suppose -c - t*c = -f. Is c prime?
True
Let w = -83 + 138. Is w a prime number?
False
Let w be 1/(2/38) - -1. Let b = 27 - w. Is b prime?
True
Let h be 6/(-10) + (-54)/(-15). Suppose 0 = 2*s + h - 9. Is (-1)/((s/(-19))/3) a prime number?
True
Let j be 8*((-140)/(-16) - 3). Suppose -i = -4*z + 4 + 4, -4*z + 8 = -5*i. Suppose i = 6*v - 4*v - j. Is v a composite number?
False
Let n(p) = 49*p + 6. Is n(5) prime?
True
Let y(g) = -588*g**3 - 3*g**2 - g + 1. Suppose -18 = -2*n - 5*j, 9*n - 4*n + 2*j = 3. Is y(n) composite?
False
Suppose -6 = -n - n. Let r(v) = 26*v**2 + 117 + 111 + v - 230. Is r(n) prime?
False
Suppose 0 = 7*b + 6831 - 28426. Is b prime?
False
Let h(w) = 10*w. Let i = -6 + 7. Is h(i) composite?
True
Let u = -2128 + 3107. Is u composite?
True
Let h(j) = -j**2 - 14*j + 1. Suppose 0 = -2*u + g + 4*g + 3, -u = -2*g + 1. Is h(u) prime?
False
Suppose -4 = -3*n + n. Suppose 3*j + n*j = 595. Is j prime?
False
Suppose 268 + 67 = 5*d. Is d composite?
False
Suppose -9*n + 17459 = -3790. Is n a composite number?
True
Let v = 19 - 25. Is 16 - 5/((-15)/v) composite?
True
Let d = 3408 + 3395. Is d prime?
True
Let u = 2603 - 1534. Is u a prime number?
True
Let q = -16 + 23. Is q prime?
True
Let b be (6/(-1))/((-20)/(-30)). Let o(v) be the first derivative of -v**2/2 + 13*v + 3. Is o(b) composite?
True
Let j(q) = -8*q - 4. Let a be j(-4). Let w = a - -27. Is w a prime number?
False
Let u be (2/3)/(8/24). Suppose -16 = 4*y, 0 = 3*q + 6*y - u*y - 341. Is q prime?
False
Let n be (-2)/3*5*-87. Suppose 7*c - n = 2*c. Is c a composite number?
True
Suppose 4*r = -2*v + 20, 5*v + 2 = 4*r - 4. Suppose -335 = -7*h + v*h. Is h a prime number?
True
Suppose -40 = -0*z - 4*z. Is z composite?
True
Let b(x) = -8*x**2 - 2*x + 5. Let a(n) = -n**2 + 1. Suppose 0 = -4*j - 2*i - 14, -5*i - 13 = 12. Let v(u) = j*b(u) + 3*a(u). Is v(-3) prime?
True
Let p be (7 + -1)/(10 - 8). Suppose -5*t = -3*t - 8, 794 = -2*j + p*t. Is 5/(-15)*(j - 2) prime?
True
Suppose 0 = 3*a - 6*a + 12318. Is a prime?
False
Suppose t = -4*t + 10. Suppose 133 + 132 = 3*g + t*o, -2*g = -2*o - 180. Is g composite?
False
Suppose 5*h - 6 = 3*v, 2*h - 3*v = 2 - 5. Suppose -69 = 5*n + l, h*l = -0*n + 5*n + 53. Is -2 + -1*(-2 + n) prime?
True
Suppose -3*q - 14 = 4*d, -4*q = d - 4 + 14. Is (d/(-1))/(2/257) a prime number?
True
Let u = 5288 + -3511. Is u composite?
False
Let n be ((-102)/(-9))/((-2)/(-6)). Suppose 0 = -5*i + 121 + n. Is i composite?
False
Let m be (18/(-10) + 1)*5. Is (74/m)/((-7)/14) a composite number?
False
Suppose 5*d + 2*c = 477, 4*d - 81 = -2*c + 299. Is d a composite number?
False
Let x = 13 + -9. Is 322/x - (-12)/(-8) composite?
False
Let s(l) = -2*l - 5. Let t be s(-4). Suppose -158 = -y - t*f + 74, 4*y - 4*f - 944 = 0. Is y a composite number?
True
Is 0/(-2) - (-61 + 21/7) a composite number?
True
Suppose -33 = 5*l + 57. Let t = 29 + l. Is t composite?
False
Let z(f) = -3 - 3*f**2 - 2*f**2 - 2. Let i(b) = -9*b**2 + b - 9. Let n(d) = -3*i(d) + 5*z(d). Is n(-5) prime?
True
Is 6 - 3 - (5 + -1479) a composite number?
True
Is (8508/(-36))/((-1)/3) a composite number?
False
Suppose -3*u - 5*k + 31 = -2*u, 0 = -4*u - 3*k + 192. Is u a composite number?
True
Let k = 122 + -71. Is k a composite number?
True
Let j = 1 + -1. Let y be (-1 + 3 + -1)*j. Suppose y*d = d - 33. Is d prime?
False
Suppose -2*s = -7*s + 20. Suppose -2*q - 1 = 4*d + 3, 0 = 4*q + s*d. Is (-4 + q + 3)*19 a prime number?
True
Let s = -828 - -1225. Is s composite?
False
Suppose -20*g + 22*g = 422. Is g a composite number?
False
Is (7 - 2)*(-278)/(-2) composite?
True
Let g(v) = -16*v + 1. Suppose -7*i = -3*i - 5